 - 1)
-2
What is 0 + (3 - 12) + 10?
1
5 - (4 + (-4 - -3))
2
Calculate 43 + -45 + -1 + 0.
-3
What is the value of 6 + (2 + 3 - 7) + -3?
1
Calculate (-4 - -3) + 1 - -5 - 5.
0
1 - 2 - -2 - -3
4
-64 + 60 - (-2 - -1)
-3
What is the value of (2 - 3) + (2 - 1 - 0)?
0
Evaluate (7 - (-5 + 7)) + -7.
-2
Evaluate -13 + 1 + 6 + 8.
2
5 - 6 - (6 - 1 - 3)
-3
-6 + (-1 + -1 - -10)
2
What is the value of -6 + 0 + 18 + -17?
-5
What is the value of -6 - -2 - ((-12 - -10) + -5)?
3
Calculate (-12 + 10 - (4 + -3)) + 1.
-2
What is the value of 0 + (4 - 8) + 2?
-2
Calculate -1 - ((-8 - (0 - 4)) + 7).
-4
What is the value of -5 + -3 + 14 - 8?
-2
What is 3 + (-5 - 0) - 1?
-3
What is the value of 320 + -324 + 2 + -1 + -2?
-5
0 + 0 + -4 + (51 - 43)
4
12 - ((10 - 2) + 0 + -5)
9
Evaluate 4 - ((-5 - (0 + -11)) + 5).
-7
Calculate 2 + -3 + -3 + 4.
0
-3 + (3 - 7 - -2) - -1
-4
Evaluate 3 + (18 - 10) + -21.
-10
What is the value of 25 - 22 - (3 - (-1 - 0))?
-1
Evaluate -2 + 3 + 9 + -7 + 3.
6
Evaluate 10 + 1 - (3 - -1).
7
Evaluate 3 + -1 - (11 - 12).
3
What is -2 - 5 - ((-12 - -5) + -3)?
3
What is (6 - -1) + -1 + -15?
-9
Evaluate 9 - 13 - (-4 + 3) - 5.
-8
Calculate -4 - (4 - (7 + -2)).
-3
What is the value of 20 - 9 - 4 - 10?
-3
Calculate (4 + -13 - -8) + -5.
-6
Calculate 7 - 16 - ((0 - 1) + -5).
-3
Evaluate (0 - -12) + -13 + -1.
-2
What is -4 + 1 + (3 - (1 - -3))?
-4
What is 1 + 5 + (7 - 8)?
5
7 + (-6 - -2) + 2 + -4
1
What is 6 - (13 + (-1 - 4))?
-2
Calculate (-4 + 0 - 0) + (-1 - -3).
-2
Evaluate -3 - (-5 + (2 - -1) - 2).
1
Evaluate 3 - (4 - 2) - (-40 - -35).
6
2 - 0 - (-7 - -4 - -6)
-1
What is the value of (2 - -1) + 2 + -5 - -6?
6
Evaluate -1 + 1 - (-2 - -5).
-3
Evaluate -5 + 1 - ((4 - 5) + -3).
0
What is 30 - 23 - (0 + 2) - 1?
4
What is 2 + (-5 - (1 - (6 - 4)))?
-2
Calculate -7 - (2 + 7 + -23).
7
What is -1 + -1 + 1 + 2 + -7?
-6
Evaluate -54 - -58 - (0 + -4 + -1).
9
Evaluate 4 + -4 + 7 + -6.
1
Evaluate -2 + (-6 + 5 + -3 - -5).
-1
What is (-8 - (1 - 6)) + 1?
-2
Evaluate -1 - ((5 - 11 - 0) + 2).
3
What is the value of -5 + (20 + -20 - (-3 + 2))?
-4
Calculate 2 - (4 + 0 + -2).
0
2 + (-1 - 4) - (8 + -11)
0
What is -8 + (2 - (0 + -3)) + 1?
-2
Calculate (-6 - (-3 - 0)) + (2 - 0).
-1
What is the value of 2 + 1 + 1 + -7?
-3
Evaluate -7 + 9 - (4 - (-2 + 11)).
7
What is -12 - (-3 + -23 + 4)?
10
What is (2 + -2 - -3) + -1 - 1?
1
What is -3 + 7 + -8 - -6?
2
Evaluate 4 - (-4 - (-3 - 1)).
4
What is -3 - (0 + -5) - 0?
2
What is -5 - (6 - 0 - 6) - 4?
-9
Calculate -1 + 2 + -7 + 3 + 8.
5
What is 2 + 0 + (6 - 9 - -1)?
0
Calculate -3 + (-2 - (-3 + -2)).
0
Evaluate 2 + -3 - 4 - -3.
-2
What is the value of (4 - 3) + 0 + 0 + 1?
2
What is (-37 - -39) + (-1 - 0)?
1
Calculate 15 - (2 + (-9 - -15)).
7
Calculate 0 - (2 - -2) - (19 + -28).
5
What is 0 + -2 + -3 - -11?
6
Evaluate (-4 - (-2 - -6)) + 6.
-2
What is the value of 5 + (2 - -3) + -10 + 0?
0
Evaluate 6 - (12 + -14 - -3).
5
What is (-3 - (-2 - (6 + 2))) + -9?
-2
Calculate -4 + (0 - 0 - -7 - -1).
4
Evaluate -1 - -1 - (-9 - (-10 - -6)).
5
What is the value of 2 - ((2 - 12) + 9)?
3
What is 0 + (2 - (-1 - 3))?
6
Calculate (0 - 1) + (0 - (0 - 4)).
3
Evaluate 8 + (2 - 3) - (-1 + -2).
10
Evaluate -1 + 5 + -1 - 0.
3
What is the value of -3 - (1 - 2 - 2)?
0
Evaluate 16 - (7 - (-14 + 8)).
3
Calculate -1 + (-2 - 1) - -3.
-1
Evaluate -1 + -2 - (1 + -12 + -1).
9
Evaluate -5 - (-5 - 1 - 3).
4
What is -7 - (4 + -11 + 0)?
0
Calculate -13 + 1 - (48 - 51).
-9
-4 - (-18 + 8 + -4 + 3)
7
Calculate 1 - 3 - (35 - 46).
9
Calculate 8 - (3 + 11) - (0 - 3).
-3
Calculate -1 + 7 - 4 - (-1 + 0).
3
Evaluate -16 - (-21 - (-1 - 10)).
-6
-1 + (8 - 0) + 1 + -14
-6
What is 7 + -8 + -5 - -5?
-1
(5 - 7) + (4 - (-5 - -10))
-3
-5 + 5 - (1 + 0)
-1
-6 + -1 + (-4 - -7)
-4
Evaluate -19 + 26 + (-3 - (15 + -4)).
-7
What is -1 + 4 + -5 - -2 - 6?
-6
Evaluate -4 + (7 - (3 + 0)).
0
-11 - (-8 - (10 + -16))
-9
What is 5 - (13 + (-24 - -7))?
9
What is the value of 2 - 3 - 2 - -7?
4
-2 + (10 - 6) + -4 - 3
-5
Evaluate -12 - ((14 - 7) + -15).
-4
What is (-2 + -1 - -6) + -3?
0
Evaluate 2 - 3 - (5 - -1 - 7).
0
What is the value of -7 + 5 + 6 - (4 + -2)?
2
What is the value of -2 - (-8 - (0 - (6 - 3)))?
3
What is the value of -1 - (-11 - -18 - 1)?
-7
What is the value of 4 - (3 - (-5 - (-8 - -2)))?
2
Evaluate (-1 - 1) + (-77 - -79).
0
What is 6 - (12 - 4 - 4)?
2
Calculate -2 + -1 + 23 + -22.
-2
What is the value of 3 - ((3 - 6 - -4) + -6)?
8
What is the value of (6 - (-4 - (-12 - -3))) + -3?
-2
Calculate -5 + (-2 + 5 - 2) + -3.
-7
Calculate 15 + -2 + -7 + 0 + -2.
4
What is 4 - (-11 + 1 - (43 + -50))?
7
Evaluate -1 + (-1 - 5 - -2).
-5
Evaluate (-3 + 4 + -1 - -7) + -3.
4
Calculate -8 + 6 - (0 - (-1 - -3)).
0
What is the value of -1 - -9 - (3 + 1)?
4
What is the value of -7 - (-1 - 4) - (0 + -7)?
5
Calculate (-5 - 5) + 1 + 5.
-4
0 + -1 + 7 - 1
5
Evaluate -3 + 5 - (-3 - -2).
3
Evaluate -7 + 12 - (5 - (-1 - -3)).
2
What is 0 + (-4 - -5 - (-2 + 0))?
3
What is the value of 1 + -1 - (-6 + 14 + -11)?
3
What is the value of (-4 - -1) + (13 + -3 - 0)?
7
Evaluate -1 + (1 - (4 + 0)).
-4
What is -7 + 1 + 1 + 87 + -86?
-4
What is the value of 2 - 5 - -2 - (-1 + 6)?
-6
Evaluate 92 + -89 + 4 + 0.
7
-32 - -22 - (-5 - 1)
-4
What is the value of 0 + ((-4 - -6) + 6 - 3)?
5
Calculate 14 - (-6 + 3 + 5) - 6.
6
What is (-3 - (-12 + 7)) + 2?
4
What is (-17 - -10) + 3 - (1 + -4)?
-1
What is the value of 1 - (3 - (5 - 5))?
-2
Evaluate 17 + -8 - (-5 - -15).
-1
Calculate 10 + -7 + -5 + 0.
-2
Calculate 0 - 1 - (5 + -2).
-4
Calculate 2 - 8 - (-7 - 4).
5
-1 + 3 - (-8 - (16 - 23))
3
What is 18 + -9 - (4 + (0 - 2))?
7
3 - (1 + 1) - -3
4
(-12 - (4 + -7)) + 4
-5
What is the value of 7 - 4 - -1 - (-1 + 3)?
2
-4 - -6 - (-6 + 4)
4
Calculate -3 - (-2 + -2 + 5 + -8).
4
What is 5 - (-3 + (5 - -3))?
0
Calculate 1 + -1 + (1 - -3).
4
4 - (-11 + 5 - -8) - -6
8
Evaluate 1 - (0 + -3 + 4 + -2).
2
What is the value of 2 - -1 - 1 - -3?
5
What is the value of -4 - (-1 - -4 - 2) - 0?
-5
What is the value of -6 + (5 - (3 + 2 - 3))?
-3
What is (-1 - 4) + 0 - (-7 + 1)?
1
Evaluate (3 - 0) + -4 + 6 - 1.
4
What is the value of -4 + 5 + 9 + -13?
-3
Calculate 8 + (2 - 9) + 3.
4
3 + 0 + -5 - (0 - 3)
1
-3 + 2 + (-1 - -1)
-1
1 + 9 + -2 - 0
8
What is -10 + 8 + (-5 - -3)?
-4
What is the value of -3 + (-7 - 3) + 6?
-7
-7 - (6 + -9) - (-1 + -2)
-1
What is -6 + (-1 + 0 - -2)?
-5
What is -1 + -7 + 11 + -4?
-1
Evaluate (-10 - -3) + 5 + 5.
3
Calculate -70 - -57 - (2 - 9).
-6
What is -1 - 1 - (-6 + 10) - 0?
-6
What is (3 - 5) + (-6 - -5)?
-3
Calculate 5 + (-10 + 16 - (7 - -1)).
3
Evaluate 4 + -3 + 4 - 1.
4
Calculate (1 - 1) + -4 + 2.
-2
Evaluate 2 + -4 + (2 - 1).
-1
What is the value of 4 + -11 + 7 - -3?
3
Calculate 3 - (-3 + 0 + 2).
4
What is -5 + 3 - (-8 - -2)?
4
Calculate 1 + -2 - -2 - 1.
0
What is (2 - 1) + -7 + 6?
0
What is the value of -1 + 4 + (1 - -2 - 3)?
3
11 - 7 - 11 - -4
-3
Evaluate 0 + (3 - 3 - 0) - 3.
-3
Calculate 9 + -10 + 2 + 8.
9
What is (-1 - 1) + (1 - 2) + -2?
-5
What is the value of 3 + (-3 - (-3 + 6))?
-3
What is the value of 8 + 3 - (-18 + 38)?
-9
What is -9 + (-4 - -12) - (-1 - -1)?
-1
What is the value of 0 + -5 + (2 - (9 - 12))?
0
Calculate (11 - 6 - 0) + -6 - -3.
2
Calculate 38 - 43 - (-5 + -2).
2
-4 + 0 + 5 - -3
4
What is the value of -2 + -15 + (-5 - -17)?
-5
Calculate -11 + 22 - 4 - -1.
8
Calculate 4 + (-6 - (0 + 1)) - 1.
-4
(7 - -4) + (-2 - 7)
2
What is the value of 2 - (-46 + 51 + -1 + -6)?
4
42 - 42 - (3 - 2)
-1
Evaluate (1 - 0) + (62 - 63).
0
Calculate (-6 - 9) + 11 + 10.
6
(-135 - -122) + 11 + 0
-2
What is the value of -2 - (-2 + 2) - (9 - 9)?
-2
What is the value of 7 + 9 + -19 + 4?
1
Calculate -3 - (1 - 8 - (-16 - -17)).
5
Calculate -7 - (7 - 14 - -6).
-6
Calculate -2 + 2 + (-18 - -21).
3
5 + (1 - 0) + -1
5
What is the value of 1 - 4 - (-8 + (6 - -3))?
-4
Calculate (15 - (0 - -8)) + (-3 - 4).
0
Calculate -4 - (-1 + -6) - (-3 + 1).
5
What is 0 - (-3 + 2 + (2 - 0))?
-1
What is 1 + -4 + 2 + (-32 - -34)?
1
Calculate -2 + -10 + 10 - -1.
-1
3 + (3 - 11) - (-27 + 20)
2
What is the value of 0 + 4 - (-3 + -5 + 7)?
5
Calculate 2 + (2 - 5) + -2 + 3.
0
Calculate (-58 - -50) + (-1 - -7).
-2
Calculate 2 + (-4 - 0) + (-7 - -9).
0
Evaluate 6 + 11 + (12 - 19).
10
-1 + 1 + -39 + 44 + 0
5
Evaluate (-2 + 6 - (0 - -4)) + 0.
0
What is the value of 22 + -28 - (1